{"id":21852,"date":"2025-02-25T12:12:21","date_gmt":"2025-02-25T11:12:21","guid":{"rendered":"https:\/\/genesis-biomed.com\/?post_type=tribe_events&#038;p=21852"},"modified":"2025-02-25T12:12:21","modified_gmt":"2025-02-25T11:12:21","slug":"accio-estrategies-de-creixement-per-augmentar-la-dimensio-de-la-teva-empresa","status":"publish","type":"tribe_events","link":"https:\/\/genesis-biomed.com\/es\/event\/accio-estrategies-de-creixement-per-augmentar-la-dimensio-de-la-teva-empresa\/","title":{"rendered":"ACCI\u00d3: Estrat\u00e8gies de creixement per augmentar la dimensi\u00f3 de la teva empresa"},"content":{"rendered":"<p><span class=\"break-words tvm-parent-container\"><span dir=\"ltr\">Ahir, el nostre CEO, <a id=\"ember40\" class=\"ember-view\" href=\"https:\/\/www.linkedin.com\/in\/jlfalco\/\">Josep Llu\u00eds Falc\u00f3<\/a>, com a <a class=\"kfnautMCmvJrqlmCslVWlQXzVKshRxZZGSERU \" href=\"https:\/\/www.linkedin.com\/search\/results\/all\/?keywords=%23consultor&amp;origin=HASH_TAG_FROM_FEED\" data-test-app-aware-link=\"\">consultor<\/a> acreditat per ACCI\u00d3, i la nostra <a class=\"kfnautMCmvJrqlmCslVWlQXzVKshRxZZGSERU \" href=\"https:\/\/www.linkedin.com\/search\/results\/all\/?keywords=%23consultora&amp;origin=HASH_TAG_FROM_FEED\" data-test-app-aware-link=\"\">consultora<\/a> <a id=\"ember41\" class=\"ember-view\" href=\"https:\/\/www.linkedin.com\/in\/andrea-requena-parra\/\">Andrea Requena Parra<\/a>, van participar en la Jornada organitzada per <a class=\"kfnautMCmvJrqlmCslVWlQXzVKshRxZZGSERU \" href=\"https:\/\/www.linkedin.com\/company\/acciocat\/\" target=\"_self\" data-test-app-aware-link=\"\">ACCI\u00d3<\/a> a <a class=\"kfnautMCmvJrqlmCslVWlQXzVKshRxZZGSERU \" href=\"https:\/\/www.linkedin.com\/search\/results\/all\/?keywords=%23tarragona&amp;origin=HASH_TAG_FROM_FEED\" data-test-app-aware-link=\"\">Tarragona<\/a> per fomentar estrat\u00e8gies de <a class=\"kfnautMCmvJrqlmCslVWlQXzVKshRxZZGSERU \" href=\"https:\/\/www.linkedin.com\/search\/results\/all\/?keywords=%23creixement&amp;origin=HASH_TAG_FROM_FEED\" data-test-app-aware-link=\"\">creixement<\/a> i augmentar la dimensi\u00f3 d\u2019empresa.<\/span><\/span><\/p>\n<p>En aquesta jornada, a m\u00e9s a m\u00e9s, es van presentar dos casos d\u2019\u00e8xit d\u2019empreses tarragonines a l&#8217;hora de posar en pr\u00e0ctica <a class=\"kfnautMCmvJrqlmCslVWlQXzVKshRxZZGSERU \" href=\"https:\/\/www.linkedin.com\/search\/results\/all\/?keywords=%23estrat%C3%A8gies&amp;origin=HASH_TAG_FROM_FEED\" data-test-app-aware-link=\"\">estrat\u00e8gies<\/a> de creixement inorg\u00e0nic.<\/p>\n<p>Inscriu-te a les pr\u00f2ximes sessions!<br \/>\n21\/11 a les 10h <a class=\"kfnautMCmvJrqlmCslVWlQXzVKshRxZZGSERU \" href=\"https:\/\/www.linkedin.com\/search\/results\/all\/?keywords=%23lleida&amp;origin=HASH_TAG_FROM_FEED\" data-test-app-aware-link=\"\">Lleida<\/a> <a class=\"kfnautMCmvJrqlmCslVWlQXzVKshRxZZGSERU \" href=\"https:\/\/lnkd.in\/dW_QJKiN\" target=\"_self\" data-test-app-aware-link=\"\">https:\/\/lnkd.in\/dW_QJKiN<\/a><br \/>\n21\/1\/25 a les 10h <a class=\"kfnautMCmvJrqlmCslVWlQXzVKshRxZZGSERU \" href=\"https:\/\/www.linkedin.com\/search\/results\/all\/?keywords=%23girona&amp;origin=HASH_TAG_FROM_FEED\" data-test-app-aware-link=\"\">Girona<\/a> <a class=\"kfnautMCmvJrqlmCslVWlQXzVKshRxZZGSERU \" href=\"https:\/\/lnkd.in\/dw2Gtn8T\" target=\"_self\" data-test-app-aware-link=\"\">https:\/\/lnkd.in\/dw2Gtn8T<\/a><\/p>\n","protected":false},"excerpt":{"rendered":"<p>Ahir, el nostre CEO, Josep Llu\u00eds Falc\u00f3, com a consultor acreditat per ACCI\u00d3, i la nostra consultora Andrea Requena Parra, van participar en la Jornada organitzada per ACCI\u00d3 a Tarragona per fomentar estrat\u00e8gies de creixement i augmentar la dimensi\u00f3 d\u2019empresa. En aquesta jornada, a m\u00e9s&#8230;<\/p>\n","protected":false},"author":3,"featured_media":0,"template":"","meta":{"inline_featured_image":false,"_tribe_events_status":"","_tribe_events_status_reason":"","footnotes":"","_links_to":"","_links_to_target":""},"tags":[],"tribe_events_cat":[],"class_list":["post-21852","tribe_events","type-tribe_events","status-publish","hentry"],"_links":{"self":[{"href":"https:\/\/genesis-biomed.com\/es\/wp-json\/wp\/v2\/tribe_events\/21852","targetHints":{"allow":["GET"]}}],"collection":[{"href":"https:\/\/genesis-biomed.com\/es\/wp-json\/wp\/v2\/tribe_events"}],"about":[{"href":"https:\/\/genesis-biomed.com\/es\/wp-json\/wp\/v2\/types\/tribe_events"}],"author":[{"embeddable":true,"href":"https:\/\/genesis-biomed.com\/es\/wp-json\/wp\/v2\/users\/3"}],"version-history":[{"count":2,"href":"https:\/\/genesis-biomed.com\/es\/wp-json\/wp\/v2\/tribe_events\/21852\/revisions"}],"predecessor-version":[{"id":21854,"href":"https:\/\/genesis-biomed.com\/es\/wp-json\/wp\/v2\/tribe_events\/21852\/revisions\/21854"}],"wp:attachment":[{"href":"https:\/\/genesis-biomed.com\/es\/wp-json\/wp\/v2\/media?parent=21852"}],"wp:term":[{"taxonomy":"post_tag","embeddable":true,"href":"https:\/\/genesis-biomed.com\/es\/wp-json\/wp\/v2\/tags?post=21852"},{"taxonomy":"tribe_events_cat","embeddable":true,"href":"https:\/\/genesis-biomed.com\/es\/wp-json\/wp\/v2\/tribe_events_cat?post=21852"}],"curies":[{"name":"wp","href":"https:\/\/api.w.org\/{rel}","templated":true}]}}

ACCIÓ: Estratègies de creixement per augmentar la dimensió de la teva empresa

<p><span class="break-words tvm-parent-container"><span dir="ltr">Ahir, el nostre CEO, <a id="ember40" class="ember-view" href="https://www.linkedin.com/in/jlfalco/">Josep Lluís Falcó</a>, com a <a class="kfnautMCmvJrqlmCslVWlQXzVKshRxZZGSERU " href="https://www.linkedin.com/search/results/all/?keywords=%23consultor&amp;origin=HASH_TAG_FROM_FEED" data-test-app-aware-link="">consultor</a> acreditat per ACCIÓ, i la nostra <a class="kfnautMCmvJrqlmCslVWlQXzVKshRxZZGSERU " href="https://www.linkedin.com/search/results/all/?keywords=%23consultora&amp;origin=HASH_TAG_FROM_FEED" data-test-app-aware-link="">consultora</a> <a id="ember41" class="ember-view" href="https://www.linkedin.com/in/andrea-requena-parra/">Andrea Requena Parra</a>, van participar en la Jornada organitzada per <a class="kfnautMCmvJrqlmCslVWlQXzVKshRxZZGSERU " href="https://www.linkedin.com/company/acciocat/" target="_self" data-test-app-aware-link="">ACCIÓ</a> a <a class="kfnautMCmvJrqlmCslVWlQXzVKshRxZZGSERU " href="https://www.linkedin.com/search/results/all/?keywords=%23tarragona&amp;origin=HASH_TAG_FROM_FEED" data-test-app-aware-link="">Tarragona</a> per fomentar estratègies de <a class="kfnautMCmvJrqlmCslVWlQXzVKshRxZZGSERU " href="https://www.linkedin.com/search/results/all/?keywords=%23creixement&amp;origin=HASH_TAG_FROM_FEED" data-test-app-aware-link="">creixement</a> i augmentar la dimensió d’empresa.</span></span></p>
<p>En aquesta jornada, a més a més, es van presentar dos casos d’èxit d’empreses tarragonines a l&#8217;hora de posar en pràctica <a class="kfnautMCmvJrqlmCslVWlQXzVKshRxZZGSERU " href="https://www.linkedin.com/search/results/all/?keywords=%23estrat%C3%A8gies&amp;origin=HASH_TAG_FROM_FEED" data-test-app-aware-link="">estratègies</a> de creixement inorgànic.</p>
<p>Inscriu-te a les pròximes sessions!<br />
21/11 a les 10h <a class="kfnautMCmvJrqlmCslVWlQXzVKshRxZZGSERU " href="https://www.linkedin.com/search/results/all/?keywords=%23lleida&amp;origin=HASH_TAG_FROM_FEED" data-test-app-aware-link="">Lleida</a> <a class="kfnautMCmvJrqlmCslVWlQXzVKshRxZZGSERU " href="https://lnkd.in/dW_QJKiN" target="_self" data-test-app-aware-link="">https://lnkd.in/dW_QJKiN</a><br />
21/1/25 a les 10h <a class="kfnautMCmvJrqlmCslVWlQXzVKshRxZZGSERU " href="https://www.linkedin.com/search/results/all/?keywords=%23girona&amp;origin=HASH_TAG_FROM_FEED" data-test-app-aware-link="">Girona</a> <a class="kfnautMCmvJrqlmCslVWlQXzVKshRxZZGSERU " href="https://lnkd.in/dw2Gtn8T" target="_self" data-test-app-aware-link="">https://lnkd.in/dw2Gtn8T</a></p>

<p>Ahir, el nostre CEO, Josep Lluís Falcó, com a consultor acreditat per ACCIÓ, i la nostra consultora Andrea Requena Parra, van participar en la Jornada organitzada per ACCIÓ a Tarragona per fomentar estratègies de creixement i augmentar la dimensió d’empresa. En aquesta jornada, a més&#8230;</p>
